35)/(-1))/1*1 is divided by z.
11
Let z = 119 - 73. What is the remainder when 181 is divided by z?
43
Suppose 5*q = -q + 78. Calculate the remainder when 22 is divided by q.
9
Let b = -65 - -91. Let f = 71 - b. Suppose 5*u + 10 - f = 0. What is the remainder when 19 is divided by u?
5
Suppose 100 = -5*f - 3*a, -2*f + 0*a = 2*a + 40. Let d = -6 - f. What is the remainder when d is divided by 5?
4
Suppose 4*o = -3*v - 1, 0 = -4*v + o + o + 28. Suppose r - v = 2*i, 6*r = 3*r - 3*i + 33. What is the remainder when 16 is divided by r?
7
Suppose 5*b - 5*m + 40 = 0, b = -5*m + 21 + 1. Suppose -5*w = 0, -2*n = n + 4*w - 12. Let h = n - b. Calculate the remainder when 26 is divided by h.
5
Suppose 4*c = 0, q - c - 10 = 11. Calculate the remainder when q is divided by 12.
9
Suppose -o = -2*o - 86. Let c = 8 - o. Calculate the remainder when c is divided by 24.
22
Suppose -13 = -3*v + m - 58, -4*m = -3*v - 54. Let s be (2 - -2)*v/(-8). Let i = s + -3. Calculate the remainder when i is divided by 3.
1
Suppose 5*z + 0*z = -70. Let m = -8 - z. What is the remainder when -3 + 2 + 12 - 0 is divided by m?
5
Let i = -39 + 66. Calculate the remainder when i is divided by 10.
7
Let r(h) = 9*h**2 + h - 4. Let d be r(4). Suppose -4*a + 7*a = -b + 104, -4*a = 4*b - d. Let c = -17 - -29. Calculate the remainder when a is divided by c.
10
Suppose -3*b + 4*k + 46 = -2*b, -2*k = 4*b - 94. Calculate the remainder when 283 is divided by b.
23
Let v(u) = 2*u. Let g(b) = -b**2 + 9*b - 3. What is the remainder when g(4) is divided by v(3)?
5
Calculate the remainder when 39 is divided by (-11 + -17)*2/(-4).
11
Let k = 36 - 27. Calculate the remainder when 17 is divided by k.
8
Let k be (0 + -3)*1 + 6. Suppose -n - k*u = -0*u + 9, 3*u = 4*n - 39. What is the remainder when 10 is divided by n?
4
Let b = 7 - 6. Let d be (b + -4)/((-3)/2). Suppose -d*y = -0*y - 34. What is the remainder when 49 is divided by y?
15
Suppose -5*h + 1 + 24 = 0. What is the remainder when 12 is divided by h?
2
Let x(z) = -z**3 - 3*z**2 + 1. Let p be 2/(3/(-12)*2). What is the remainder when 31 is divided by x(p)?
14
Suppose 0 = -2*q + 18. Let v(o) = -o**3 + 9*o**2 + 7. Calculate the remainder when v(q) is divided by (5/15)/(2/18).
1
Suppose -5*m + 17 + 23 = 2*u, 0 = -5*m + u + 55. Calculate the remainder when 99 is divided by m.
9
Let l = -63 + 110. Calculate the remainder when l is divided by (-2 - 12/2)*-2.
15
Suppose -3*i - 3*s + 23 = -1, 3*i - 24 = -4*s. What is the remainder when 15 is divided by i?
7
Let r(h) = -h + 7. Let i be r(-7). Let n(w) = -7*w - 5*w + i*w + 9. What is the remainder when n(7) is divided by 8?
7
Let x(r) = -r**3 + 8*r**2 - 3*r - 1. Calculate the remainder when x(7) is divided by 6.
3
Calculate the remainder when 6/(-4)*(-100)/6 is divided by 12/9 - (-92)/12.
7
Suppose -2*d + 2 = -10. Suppose -3*l = -d*l + 192. Suppose l = -0*j + 4*j. Calculate the remainder when 45 is divided by j.
13
Let k = 7 - 12. Let r(w) = w**3 + 6*w**2 + 5*w + 3. Suppose 0 = x + 4*x - 40. Calculate the remainder when x is divided by r(k).
2
Let s = -7 + 12. Suppose 2*n - 9 = -n. Let i = n - 0. What is the remainder when s is divided by i?
2
Let j(g) = 2*g + 2. Let l = -1 + 3. Calculate the remainder when 17 is divided by j(l).
5
Suppose 6*j - j - 45 = 0. Let z = -299 - -343. What is the remainder when z is divided by j?
8
Calculate the remainder when ((4 + -5)*2)/(4/(-174)) is divided by 8.
7
Suppose -10*o + 325 = 105. What is the remainder when 62 is divided by o?
18
Calculate the remainder when 89 is divided by 318/14 - 2/(-7).
20
Suppose -119 = -4*v + 5*o, 4*o = 2*v - 0*v - 64. Calculate the remainder when v is divided by 8.
2
Let n(h) = 8*h**2 - 2*h - 1. Let u be n(2). Let x = 49 - u. What is the remainder when x is divided by 8?
6
Let t(p) = -5*p + 2*p + 5*p - 12. Suppose -4*z - 3*w = -23, 3*z - 2*w = 3*w + 39. What is the remainder when t(z) is divided by 2?
0
Let g(n) = -n**3 - 5*n**2 - 5*n + 13. What is the remainder when g(-6) is divided by 20?
19
Suppose 4*q - 5*g - 89 = -2*g, 3*g = -5*q + 91. Calculate the remainder when q is divided by 12.
8
Suppose 2*y - 2*l - 32 = 0, -3*y - y = -2*l - 56. Suppose -t + 7 = -y. Calculate the remainder when 37 is divided by t.
18
Suppose -3*x = -d - 0 - 2, 30 = 5*d + 5*x. What is the remainder when 8 is divided by d?
0
Suppose -3*k - 16 = -64. Calculate the remainder when k is divided by 5.
1
Let o(j) = -j + 9. Let n be o(6). Suppose n*a = 5*z - 30, -8*z + 24 = -4*z + 4*a. Calculate the remainder when (-2)/(-3) + (-49)/(-3) is divided by z.
5
Suppose 10 = 3*z - z. Suppose -112 = -z*v + 48. Calculate the remainder when v is divided by 11.
10
Suppose -2*j + 30 = j. Suppose 2*c - 3*c + 33 = 2*w, 2*c = j. Suppose 39 = x + 4*x + f, -f - 25 = -3*x. Calculate the remainder when w is divided by x.
6
Let v(a) = 2*a + 8 - 3*a + 3 + 8*a**2 + a**3 - 8*a. Calculate the remainder when v(-9) is divided by 3.
2
Suppose -v = -0*v - 8. Let k be (-2)/12 - 9310/(-60). Suppose 4*y - 9*y + k = 0. Calculate the remainder when y is divided by v.
7
Let b = -11 - -16. Suppose 219 = 4*c + c - 4*s, -216 = -b*c + s. Calculate the remainder when c is divided by 15.
13
Calculate the remainder when 2/(-5) - 1002/(-30) is divided by 18.
15
Calculate the remainder when 67 is divided by ((-5)/15)/((-2)/108).
13
Let u(m) = -m**2 - 9*m + 3. Calculate the remainder when 5 is divided by u(-9).
2
Suppose 5*a = 3*f + 106, -5*a - f + 150 = 32. Let n = -9 + 21. What is the remainder when a is divided by n?
11
Let h = 4 - -6. What is the remainder when ((-7)/(-5))/((-54)/(-810)) - 4 is divided by h?
7
Suppose a + 0*a + 40 = 3*l, 0 = -5*l - 4*a + 61. Calculate the remainder when 25 is divided by l.
12
Let s be 6/(-15)*20/(-2 + 0). Let o = 2 + 2. Suppose -s*f - o*v + 72 = 0, v = 5*f - 0*v - 66. Calculate the remainder when f is divided by 4.
2
Let w = -54 - -77. Suppose -5*x + 50 = -5*a, 3*a + 71 - w = 5*x. What is the remainder when x is divided by 4?
1
Let u = -2 - -4. Let i be 1/(u/12) - -2. Suppose 2*q - c = 8, -5*q + 10 + i = -2*c. Calculate the remainder when q is divided by 1.
0
Let d(y) = -y**2 - 10*y + 61. Calculate the remainder when 110 is divided by d(-12).
36
Suppose 5 = -5*n + 65. Suppose -u + n = u. What is the remainder when u is divided by 2?
0
Suppose 0 = -2*j + 7 + 1. Suppose -28 = -j*g + 44. Calculate the remainder when g is divided by 10.
8
Let m be -3*(-5 - -4) + 169. What is the remainder when 1/(176/m - 1) is divided by 23?
20
What is the remainder when (-1065)/(-12) + 3/12 is divided by 15?
14
Let l = -61 - -64. What is the remainder when 39 is divided by l?
0
Let h be (21 + -2 + 0)*-1. What is the remainder when (h/(-3) + 0)*6 is divided by 10?
8
Suppose 11 = -5*a - 4. Let b be (1/2)/(a/(-30)). Suppose -5*i + 85 = b*v, -v + 6*v - 4*i = 94. Calculate the remainder when 69 is divided by v.
15
Let d = 4 - -2. Let z be (-235)/(-15) + (-4)/d. Suppose 2*n - 29 = -3*t + 4, -n - 3*t + z = 0. What is the remainder when 52 is divided by n?
16
Suppose 11*l - 3*l = 368. Calculate the remainder when 273 is divided by l.
43
Calculate the remainder when 21 is divided by -18*(16/6)/(-4).
9
Let k(d) = -d**3 + 4*d**2 + 3*d + 6. Let s be k(5). Suppose -f + 29 - 37 = 0. Calculate the remainder when 11 is divided by (f/5)/(s/10).
3
Let c(j) = 5*j - 13. What is the remainder when c(11) is divided by 11?
9
Let x = -30 - -43. Let o(p) = p**3 - p + 84. Let u be o(0). Let k = u - 47. What is the remainder when k is divided by x?
11
Suppose -2*g - 1 = 5. Let m = g + 9. What is the remainder when 11 is divided by m?
5
Suppose 16 = 3*v - 32. Let y = 104 - 58. Calculate the remainder when y is divided by v.
14
Let t(k) = -k**2 - 20*k + 27. What is the remainder when 224 is divided by t(-19)?
40
Let q = -49 + 89. Let b be (0 - 0)*(-1)/(-3). Suppose b = -p + 10 + 4. What is the remainder when q is divided by p?
12
Let j(i) = i**3 - i**2 - i + 19. Suppose 3*o = 5*o - 18. Let t = -2 + o. What is the remainder when j(0) is divided by t?
5
Let v(a) = 3 - 2 - 2 + 2*a**2 - a**2 - 3*a. Let d = -7 + 5. Calculate the remainder when 35 is divided by v(d).
8
Suppose -3*j - 5*x + 30 = 0, 2*j - 2 = j + x. What is the remainder when j is divided by 2?
1
Calculate the remainder when 10 is divided by 2 + 5/(-15)*-3.
1